by 85?
84
What is the remainder when 118892923 is divided by 15?
13
Calculate the remainder when 4451134 is divided by 375.
259
Calculate the remainder when 2031868 is divided by 406292.
408
What is the remainder when 1033457 is divided by 20?
17
Calculate the remainder when 28414351 is divided by 16.
15
What is the remainder when 22419564 is divided by 176532?
0
Calculate the remainder when 489429 is divided by 233.
129
What is the remainder when 7348 is divided by 7328?
20
What is the remainder when 39922283 is divided by 2495141?
27
What is the remainder when 358818 is divided by 14305?
1193
Calculate the remainder when 3486189 is divided by 59.
56
Calculate the remainder when 50068311 is divided by 582.
15
What is the remainder when 12141668 is divided by 1214161?
58
What is the remainder when 161374555 is divided by 147?
13
What is the remainder when 6814553 is divided by 262098?
5
What is the remainder when 11230608 is divided by 185?
183
Calculate the remainder when 3900 is divided by 137.
64
Calculate the remainder when 431827 is divided by 7445.
17
What is the remainder when 4536966 is divided by 4170?
6
Calculate the remainder when 25467999 is divided by 32.
31
What is the remainder when 1013423 is divided by 255?
53
Calculate the remainder when 9185 is divided by 9124.
61
Calculate the remainder when 107455 is divided by 4135.
4080
Calculate the remainder when 1907979647 is divided by 848.
847
Calculate the remainder when 12541700 is divided by 4427.
9
What is the remainder when 1152494 is divided by 382914?
3752
Calculate the remainder when 193578 is divided by 973.
924
What is the remainder when 9214 is divided by 2694?
1132
Calculate the remainder when 91714 is divided by 6055.
889
What is the remainder when 222512 is divided by 222121?
391
What is the remainder when 4055104 is divided by 655?
654
Calculate the remainder when 7251042 is divided by 41.
28
Calculate the remainder when 729982 is divided by 54.
10
What is the remainder when 3276368 is divided by 4557?
4442
Calculate the remainder when 5524423 is divided by 736.
7
Calculate the remainder when 21276054 is divided by 172.
170
Calculate the remainder when 1312990 is divided by 252.
70
Calculate the remainder when 552238 is divided by 44.
38
Calculate the remainder when 13859 is divided by 991.
976
What is the remainder when 5017814 is divided by 1543?
1521
Calculate the remainder when 4574751 is divided by 6471.
6225
Calculate the remainder when 39304703 is divided by 9770.
9763
Calculate the remainder when 24756599 is divided by 39.
23
Calculate the remainder when 3455268 is divided by 863805.
48
What is the remainder when 116542 is divided by 3883?
52
Calculate the remainder when 1854904 is divided by 52.
12
Calculate the remainder when 719378 is divided by 13077.
143
Calculate the remainder when 4014914 is divided by 1374.
86
Calculate the remainder when 321484333 is divided by 15.
13
Calculate the remainder when 14207121 is divided by 125.
121
What is the remainder when 136054 is divided by 26909?
1509
What is the remainder when 3586665 is divided by 38?
35
What is the remainder when 14445635 is divided by 41630?
25
What is the remainder when 111564 is divided by 2069?
1907
Calculate the remainder when 106512 is divided by 443.
192
Calculate the remainder when 37756198 is divided by 1797914.
4
Calculate the remainder when 1913852 is divided by 1913164.
688
Calculate the remainder when 15499845 is divided by 67.
65
What is the remainder when 7575306 is divided by 194236?
102
Calculate the remainder when 16651940 is divided by 3330388.
0
Calculate the remainder when 89391359 is divided by 22347821.
75
Calculate the remainder when 8562 is divided by 3847.
868
What is the remainder when 9720 is divided by 1514?
636
What is the remainder when 6109603 is divided by 30?
13
What is the remainder when 548393 is divided by 1552?
537
Calculate the remainder when 47807167 is divided by 2896.
2895
Calculate the remainder when 2183427 is divided by 145561.
12
Calculate the remainder when 39051467 is divided by 39.
26
Calculate the remainder when 181062 is divided by 26.
24
Calculate the remainder when 31947 is divided by 3577.
3331
Calculate the remainder when 1491686 is divided by 3.
2
What is the remainder when 74734447 is divided by 5109?
5104
What is the remainder when 201295743 is divided by 36?
15
What is the remainder when 5730433 is divided by 967?
958
Calculate the remainder when 2767705 is divided by 1839.
10
Calculate the remainder when 1024786 is divided by 512384.
18
What is the remainder when 61042673 is divided by 14628?
29
What is the remainder when 383040 is divided by 1260?
0
What is the remainder when 775170 is divided by 652?
594
What is the remainder when 816426441 is divided by 289?
285
Calculate the remainder when 243256 is divided by 90.
76
Calculate the remainder when 78093 is divided by 889.
750
Calculate the remainder when 91942791 is divided by 514.
13
Calculate the remainder when 58457 is divided by 7194.
905
Calculate the remainder when 88286139 is divided by 1112.
11
Calculate the remainder when 8800 is divided by 8783.
17
What is the remainder when 5545283 is divided by 217?
65
What is the remainder when 237911 is divided by 504?
23
Calculate the remainder when 2996789 is divided by 3371.
3341
What is the remainder when 40299627 is divided by 35?
32
Calculate the remainder when 97264343 is divided by 36.
11
What is the remainder when 37171963 is divided by 311?
310
Calculate the remainder when 25243453 is divided by 58.
55
What is the remainder when 146316 is divided by 446?
28
What is the remainder when 453928 is divided by 1376?
1224
Calculate the remainder when 130010 is divided by 6887.
6044
What is the remainder when 581547 is divided by 2364?
3
What is the remainder when 93405 is divided by 16?
13
What is the remainder when 42013 is divided by 790?
143
Calculate the remainder when 1605518 is divided by 401370.
38
Calculate the remainder when 128544 is divided by 18327.
255
What is the remainder when 30639087 is divided by 5201?
5197
Calculate the remainder when 35045995 is divided by 375.
370
Calculate the remainder when 398558 is divided by 2044.
2022
What is the remainder when 118328563 is divided by 181?
175
What is the remainder when 2033785 is divided by 85?
75
What is the remainder when 1455238 is divided by 638?
598
What is the remainder when 182578432 is divided by 17?
13
What is the remainder when 844124 is divided by 1679?
1266
Calculate the remainder when 3687112 is divided by 302.
296
What is the remainder when 739472 is divided by 739411?
61
What is the remainder when 6110 is divided by 4290?
1820
Calculate the remainder when 20485928 is divided by 20485908.
20
What is the remainder when 1622590 is divided by 38?
28
Calculate the remainder when 9371302 is divided by 407447.
21
What is the remainder when 6163965 is divided by 28018?
5
What is the remainder when 706956 is divided by 826?
726
Calculate the remainder when 4077612 is divided by 54368.
12
What is the remainder when 9062220 is divided by 8672?
8652
Calculate the remainder when 98548415 is divided by 36.
35
What is the remainder when 764754 is divided by 1001?
991
Calculate the remainder when 31765 is divided by 253.
140
What is the remainder when 4464217 is divided by 264?
241
Calculate the remainder when 36980544 is divided by 9245123.
52
What is the remainder when 556409 is divided by 15453?
101
Calculate the remainder when 619824 is divided by 269.
48
Calculate the remainder when 8704931 is divided by 84.
11
What is the remainder when 351921 is divided by 70369?
76
What is the remainder when 8822756 is divided by 14?
12
What is the remainder when 1109798 is divided by 307?
300
Calculate the remainder when 13530804 is divided by 604.
600
What is the remainder when 5833809 is divided by 193?
191
Calculate the remainder when 35674983 is divided by 5096423.
22
Calculate the remainder when 42414067 is divided by 141.
139
Calculate the remainder when 6166969 is divided by 2208.
25
Calculate the remainder when 417748 is divided by 79.
75
Calculate the remainder when 1903383 is divided by 34.
29
Calculate the remainder when 26867231 is divided by 11303.
0
Calculate the r